{"id":54,"date":"2023-02-23T20:48:32","date_gmt":"2023-02-23T19:48:32","guid":{"rendered":"http:\/\/www.warno.be\/?page_id=54"},"modified":"2026-01-07T15:13:23","modified_gmt":"2026-01-07T14:13:23","slug":"situation-acces","status":"publish","type":"page","link":"https:\/\/www.warno.be\/","title":{"rendered":"Situation &#038; acc\u00e8s"},"content":{"rendered":"\n<div class=\"wp-block-group alignfull has-background\" style=\"background-color:#f8f4e4\"><div class=\"wp-block-group__inner-container is-layout-flow wp-block-group-is-layout-flow\">\n<div class=\"wp-block-columns alignwide is-layout-flex wp-container-core-columns-is-layout-9d6595d7 wp-block-columns-is-layout-flex\">\n<div class=\"wp-block-column is-layout-flow wp-block-column-is-layout-flow\">\n<h6 class=\"wp-block-heading has-text-color\" id=\"ecosystem\" style=\"color:#000000\">Situation &amp; acc\u00e8s<\/h6>\n\n\n\n<p class=\"has-text-align-center has-text-color\" style=\"color:#000000;font-size:5vw;line-height:1.1\">Silvi Marina (Pescara)<\/p>\n\n\n\n<p>Situ\u00e9 \u00e0 1450 km de Li\u00e8ge (Belgique) , il vous sera possible de rejoindre SIlvi en voiture ou en avion.<br><br>L&#8217;a\u00e9roport de Pescara \u00e9tant situ\u00e9 \u00e0 15 KM de l&#8217;appartement, un taxi pourra vous d\u00e9poser \u00e0 l&#8217;appartement (comptez 40\u20ac pour le trajet).<\/p>\n\n\n\n<figure class=\"wp-block-image size-full\"><img loading=\"lazy\" decoding=\"async\" width=\"901\" height=\"790\" src=\"https:\/\/www.warno.be\/wp-content\/uploads\/2026\/01\/italie.png\" alt=\"\" class=\"wp-image-191\" srcset=\"https:\/\/www.warno.be\/wp-content\/uploads\/2026\/01\/italie.png 901w, https:\/\/www.warno.be\/wp-content\/uploads\/2026\/01\/italie-300x263.png 300w, https:\/\/www.warno.be\/wp-content\/uploads\/2026\/01\/italie-768x673.png 768w\" sizes=\"auto, (max-width: 706px) 89vw, (max-width: 767px) 82vw, 740px\" \/><\/figure>\n<\/div>\n<\/div>\n\n\n\n<p><\/p>\n\n\n\n<p>En voiture, et si vous souhaitez faire une halte afin de faire le voyage en 2 fois par exemple, nous conseillons de vous arr\u00eater \u00e0 Modena, au Maranello VIllage<\/p>\n\n\n\n<blockquote class=\"wp-block-quote is-layout-flow wp-block-quote-is-layout-flow\"><\/blockquote>\n\n\n\n<div class=\"wp-block-columns alignwide is-layout-flex wp-container-core-columns-is-layout-9d6595d7 wp-block-columns-is-layout-flex\">\n<div class=\"wp-block-column is-layout-flow wp-block-column-is-layout-flow\" style=\"flex-basis:67%\">\n<div class=\"wp-block-columns is-layout-flex wp-container-core-columns-is-layout-9d6595d7 wp-block-columns-is-layout-flex\">\n<div class=\"wp-block-column is-vertically-aligned-center is-layout-flow wp-block-column-is-layout-flow\" style=\"flex-basis:100%\"><div class=\"wp-block-image\">\n<figure class=\"aligncenter size-large\"><img loading=\"lazy\" decoding=\"async\" width=\"705\" height=\"261\" src=\"https:\/\/www.warno.be\/wp-content\/uploads\/2026\/01\/maranell.png\" alt=\"\" class=\"wp-image-196\" srcset=\"https:\/\/www.warno.be\/wp-content\/uploads\/2026\/01\/maranell.png 705w, https:\/\/www.warno.be\/wp-content\/uploads\/2026\/01\/maranell-300x111.png 300w\" sizes=\"auto, (max-width: 705px) 100vw, 705px\" \/><\/figure>\n<\/div>\n\n\n<figure class=\"wp-block-image size-full\"><img loading=\"lazy\" decoding=\"async\" width=\"500\" height=\"281\" src=\"https:\/\/www.warno.be\/wp-content\/uploads\/2026\/01\/maranello2.jpg\" alt=\"\" class=\"wp-image-195\" srcset=\"https:\/\/www.warno.be\/wp-content\/uploads\/2026\/01\/maranello2.jpg 500w, https:\/\/www.warno.be\/wp-content\/uploads\/2026\/01\/maranello2-300x169.jpg 300w\" sizes=\"auto, (max-width: 500px) 100vw, 500px\" \/><\/figure>\n<\/div>\n<\/div>\n<\/div>\n<\/div>\n\n\n\n<blockquote class=\"wp-block-quote is-layout-flow wp-block-quote-is-layout-flow\"><\/blockquote>\n\n\n\n<figure class=\"wp-block-gallery has-nested-images columns-default is-cropped wp-block-gallery-1 is-layout-flex wp-block-gallery-is-layout-flex\"><\/figure>\n<\/div><\/div>\n\n\n\n<div class=\"wp-block-columns is-layout-flex wp-container-core-columns-is-layout-9d6595d7 wp-block-columns-is-layout-flex\">\n<div class=\"wp-block-column is-layout-flow wp-block-column-is-layout-flow\"><\/div>\n\n\n\n<div class=\"wp-block-column is-layout-flow wp-block-column-is-layout-flow\"><\/div>\n<\/div>\n","protected":false},"excerpt":{"rendered":"<p>Situation &amp; acc\u00e8s Silvi Marina (Pescara) Situ\u00e9 \u00e0 1450 km de Li\u00e8ge (Belgique) , il vous sera possible de rejoindre SIlvi en voiture ou en avion. L&#8217;a\u00e9roport de Pescara \u00e9tant situ\u00e9 \u00e0 15 KM de l&#8217;appartement, un taxi pourra vous d\u00e9poser \u00e0 l&#8217;appartement (comptez 40\u20ac pour le trajet). En voiture, et si vous souhaitez faire &hellip; <\/p>\n<p class=\"link-more\"><a href=\"https:\/\/www.warno.be\/\" class=\"more-link\">Continue reading<span class=\"screen-reader-text\"> &#8220;Situation &#038; acc\u00e8s&#8221;<\/span><\/a><\/p>\n","protected":false},"author":1,"featured_media":0,"parent":0,"menu_order":0,"comment_status":"closed","ping_status":"closed","template":"","meta":{"footnotes":""},"class_list":["post-54","page","type-page","status-publish","hentry"],"_links":{"self":[{"href":"https:\/\/www.warno.be\/index.php?rest_route=\/wp\/v2\/pages\/54","targetHints":{"allow":["GET"]}}],"collection":[{"href":"https:\/\/www.warno.be\/index.php?rest_route=\/wp\/v2\/pages"}],"about":[{"href":"https:\/\/www.warno.be\/index.php?rest_route=\/wp\/v2\/types\/page"}],"author":[{"embeddable":true,"href":"https:\/\/www.warno.be\/index.php?rest_route=\/wp\/v2\/users\/1"}],"replies":[{"embeddable":true,"href":"https:\/\/www.warno.be\/index.php?rest_route=%2Fwp%2Fv2%2Fcomments&post=54"}],"version-history":[{"count":13,"href":"https:\/\/www.warno.be\/index.php?rest_route=\/wp\/v2\/pages\/54\/revisions"}],"predecessor-version":[{"id":198,"href":"https:\/\/www.warno.be\/index.php?rest_route=\/wp\/v2\/pages\/54\/revisions\/198"}],"wp:attachment":[{"href":"https:\/\/www.warno.be\/index.php?rest_route=%2Fwp%2Fv2%2Fmedia&parent=54"}],"curies":[{"name":"wp","href":"https:\/\/api.w.org\/{rel}","templated":true}]}}